20?
2
What is the hundred thousands digit of 117493?
1
What is the ten thousands digit of 160368?
6
What is the units digit of 1856?
6
What is the hundreds digit of 95935?
9
What is the thousands digit of 2031?
2
What is the tens digit of 9981?
8
What is the units digit of 23100?
0
What is the thousands digit of 1738?
1
What is the units digit of 5357?
7
What is the ten thousands digit of 20090?
2
What is the tens digit of 3370?
7
What is the ten thousands digit of 14390?
1
What is the tens digit of 2881?
8
What is the tens digit of 29676?
7
What is the thousands digit of 2302?
2
What is the units digit of 4030?
0
What is the ten thousands digit of 10759?
1
What is the hundreds digit of 378?
3
What is the thousands digit of 1673?
1
What is the tens digit of 1871?
7
What is the ten thousands digit of 49923?
4
What is the units digit of 12465?
5
What is the ten thousands digit of 62668?
6
What is the ten thousands digit of 18885?
1
What is the thousands digit of 51007?
1
What is the hundreds digit of 60940?
9
What is the thousands digit of 4606?
4
What is the hundreds digit of 1902?
9
What is the hundreds digit of 1450?
4
What is the thousands digit of 5038?
5
What is the tens digit of 46411?
1
What is the hundreds digit of 35433?
4
What is the thousands digit of 1939?
1
What is the units digit of 118820?
0
What is the hundreds digit of 10195?
1
What is the hundred thousands digit of 115648?
1
What is the tens digit of 14902?
0
What is the tens digit of 11912?
1
What is the hundreds digit of 17281?
2
What is the hundreds digit of 585?
5
What is the thousands digit of 77312?
7
What is the tens digit of 6595?
9
What is the hundreds digit of 2472?
4
What is the units digit of 41890?
0
What is the tens digit of 130475?
7
What is the thousands digit of 2398?
2
What is the hundreds digit of 8642?
6
What is the units digit of 38308?
8
What is the thousands digit of 5524?
5
What is the units digit of 12407?
7
What is the tens digit of 8490?
9
What is the hundreds digit of 11183?
1
What is the tens digit of 4296?
9
What is the hundreds digit of 82225?
2
What is the tens digit of 6250?
5
What is the ten thousands digit of 31081?
3
What is the thousands digit of 54534?
4
What is the tens digit of 15294?
9
What is the tens digit of 18335?
3
What is the tens digit of 160?
6
What is the thousands digit of 11232?
1
What is the thousands digit of 2642?
2
What is the thousands digit of 1484?
1
What is the hundreds digit of 12029?
0
What is the tens digit of 2651?
5
What is the units digit of 405?
5
What is the tens digit of 1196?
9
What is the units digit of 1947?
7
What is the tens digit of 1049?
4
What is the tens digit of 7296?
9
What is the units digit of 8481?
1
What is the thousands digit of 19102?
9
What is the tens digit of 490?
9
What is the thousands digit of 4157?
4
What is the thousands digit of 22232?
2
What is the units digit of 15438?
8
What is the hundreds digit of 84402?
4
What is the thousands digit of 24400?
4
What is the units digit of 246?
6
What is the tens digit of 298?
9
What is the hundreds digit of 43329?
3
What is the units digit of 23683?
3
What is the tens digit of 242?
4
What is the units digit of 1582?
2
What is the thousands digit of 1659?
1
What is the hundreds digit of 583?
5
What is the ten thousands digit of 17735?
1
What is the units digit of 48629?
9
What is the units digit of 2053?
3
What is the units digit of 3927?
7
What is the thousands digit of 4791?
4
What is the units digit of 1365?
5
What is the tens digit of 30660?
6
What is the tens digit of 70063?
6
What is the thousands digit of 23496?
3
What is the ten thousands digit of 42543?
4
What is the tens digit of 481?
8
What is the ten thousands digit of 16585?
1
What is the thousands digit of 1022?
1
What is the units digit of 12906?
6
What is the thousands digit of 1723?
1
What is the tens digit of 3025?
2
What is the tens digit of 7810?
1
What is the thousands digit of 19469?
9
What is the tens digit of 19806?
0
What is the hundreds digit of 1188?
1
What is the thousands digit of 61630?
1
What is the hundreds digit of 3744?
7
What is the hundreds digit of 932?
9
What is the hundreds digit of 640?
6
What is the units digit of 156348?
8
What is the units digit of 43790?
0
What is the thousands digit of 25902?
5
What is the tens digit of 3180?
8
What is the thousands digit of 1788?
1
What is the tens digit of 1337?
3
What is the units digit of 134?
4
What is the ten thousands digit of 58213?
5
What is the tens digit of 65739?
3
What is the thousands digit of 38023?
8
What is the units digit of 58366?
6
What is the tens digit of 11498?
9
What is the hundreds digit of 32723?
7
What is the units digit of 55033?
3
What is the hundreds digit of 502?
5
What is the thousands digit of 152558?
2
What is the units digit of 107719?
9
What is the tens digit of 160070?
7
What is the tens digit of 2274?
7
What is the thousands digit of 14706?
4
What is the ten thousands digit of 13624?
1
What is the hundreds digit of 180571?
5
What is the hundred thousands digit of 109410?
1
What is the tens digit of 238?
3
What is the tens digit of 2343?
4
What is the units digit of 1148?
8
What is the hundreds digit of 28359?
3
What is the hundreds digit of 86116?
1
What is the units digit of 231?
1
What is the thousands digit of 3537?
3
What is the ten thousands digit of 29294?
2
What is the tens digit of 2780?
8
What is the hundreds digit of 391?
3
What is the hundreds digit of 2921?
9
What is the thousands digit of 1178?
1
What is the units digit of 76193?
3
What is the tens digit of 181?
8
What is the thousands digit of 4540?
4
What is the tens digit of 485?
8
What is the units digit of 62688?
8
What is the units digit of 8539?
9
What is the tens digit of 2871?
7
What is the tens digit of 106672?
7
What is the ten thousands digit of 67895?
6
What is the units digit of 2203?
3
What is the units digit of 643?
3
What is the units digit of 3747?
7
What is the hundreds digit of 10641?
6
What is the tens digit of 565?
6
What is the units digit of 71235?
5
What is the tens digit of 16065?
6
What is the units digit of 2822?
2
What is the units digit of 27004?
4
What is the tens digit of 65?
6
What is the tens digit of 32988?
8
What is the thousands digit of 11841?
1
What is the hundreds digit of 1135?
1
What is the hundreds digit of 8556?
5
What is the thousands digit of 1326?
1
What is the units digit of 6514?
4
What is the hundreds digit of 1766?
7
What is the tens digit of 127014?
1
What is the ten thousands digit of 20800?
2
What is the thousands digit of 2978?
2
What is the tens digit of 3419?
1
What is the units digit of 9?
9
What is the hundreds digit of 138994?
9
What is the hundreds digit of 92874?
8
What is the tens digit of 865?
6
What is the units digit of 11358?
8
What is the units digit of 96?
6
What is the tens digit of 480?
8
What is the units digit of 1826?
6
What is the units digit of 2239?
9
What is the units digit of 975?
5
What is the units digit of 621?
1
What is the units digit of 9409?
9
What is the thousands digit of 6316?
6
What is the tens digit of 1334?
3
What is the thousands digit of 3347?
3
What is the hundreds digit of 1389?
3
What is the hundreds digit of 2013?
0
What is the tens digit of 63282?
8
What is the units digit of 1101?
1
What is the hundreds digit of 7267?
2
What is the tens digit of 705?
0
What is the units digit of 26?
6
What is the thousands digit of 2085?
2
What is the thousands digit of 21064?
1
What is the hundreds digit of 118470?
4
What is the hundreds digit of 33494?
4
What is the tens digit of 7628?
2
What is the units digit of 22524?
4
What is the hundreds digit of 43535?
5
What is the tens digit of 1513?
1
What is the hundreds digit of 73061?
0
What is the tens digit of 649?
4
What is the tens digit of 17706?
0
What is the ten thousands digit of 13091?
1
What is the thousands digit of 27377?
7
What is the hundreds digit of 6337?
3
What is the units digit of 3882?
2
What is the units digit of 600?
0
What is the units digit of 521?
1
What is the tens digit of 1491?
9
What is the thousands digit of 4333?
4
What is the units digit of 4666?
6
What is the thousands digit of 26011?
6
What is the thousands digit of 3111?
3
What is the thousands digit